ime factors of c.
2, 13
Let k be (3610/4)/((-56)/(-336)). Suppose 0*q = -2*q + 5*j + 2166, -k = -5*q - 2*j. List the prime factors of q.
3, 19
Let g(w) = 7736*w - 1132. What are the prime factors of g(3)?
2, 5519
Let p(w) = -w**3 - 7*w**2 - w - 5. Let s be p(-7). Suppose -s*h + 0*h + 456 = 0. Let q = h + -145. List the prime factors of q.
83
Let h(z) = -5*z - 53. Let l be h(-11). Suppose -3*t = -15, t = -l*p + 663 + 592. What are the prime factors of p?
5
Suppose -3276 = -3*a + 5*n, -n - 305 = -2*a + 1872. Let f = -492 + a. What are the prime factors of f?
5, 7, 17
Let i = -6726 - -11358. List the prime factors of i.
2, 3, 193
Let m(i) = -4*i - 50. Let p be m(-16). List the prime factors of 3157/p - (-2)/4.
2, 113
Suppose 23773 - 93 = 16*i. What are the prime factors of i + (-7)/14*(-8)/(-4)?
3, 17, 29
Suppose -4*p + 5*s + 12575 = -0*s, 5*p = 2*s + 15723. Suppose 4*z + 1273 = 2*y + 5*z, -5*y + 5*z = -p. List the prime factors of y.
2, 317
Let v(x) = 2*x**3 + 169*x**2 + 167*x - 35. List the prime factors of v(-78).
7, 9433
Let x be -6 - ((-40)/18 - (-12)/54). Let h be (-2)/((-4)/9)*x/(-3). List the prime factors of (43 - -1) + (-12)/h.
2, 3, 7
What are the prime factors of 1878 + -1 + (9/3 - 4)?
2, 7, 67
Suppose 2*m - 5*m + 4*p = -31, 0 = 4*m + 3*p - 33. Suppose -2*v - 7562 = m*a - 13*a, -5*v = 3*a - 5652. List the prime factors of a.
1889
Let z(h) = -h**2 + 11*h - 25. Let q be z(5). Suppose 0 = -p + 2*p + q*y - 1133, 0 = -p - 3*y + 1141. What are the prime factors of p?
1153
Let n be ((-3)/(0 - 3))/((-2)/(-26)). Suppose n*f = 11*f + 418. Let c = f + -86. List the prime factors of c.
3, 41
Let b(h) = 29*h + 30. Let c be b(-2). List the prime factors of 454 + 7/(c/16).
2, 3, 5
Let h = -105 + 60. Let l = 4686 - 4721. Let r = l - h. What are the prime factors of r?
2, 5
Let t(d) = -31*d**2 - 4*d - 3. Let q be t(-2). Let a = q - -203. Suppose a + 331 = 5*w. What are the prime factors of w?
83
Let t be ((-7)/3)/(-1 - (-3056)/3060). Suppose -t = 4*h - 11*h. Suppose 0 = -2*o - 4*u + 2*u + 174, 0 = -3*o + 3*u + h. List the prime factors of o.
2, 43
Let o(g) = -44*g**3 - 4*g**2 - 2*g + 2. Let s(w) = w**2 - 27. Let h be s(-5). List the prime factors of o(h).
2, 3, 19
Suppose -277*f + 51927 = -272*f - 2*c, 0 = 5*f - 3*c - 51933. What are the prime factors of f?
3, 3461
Suppose -5*k = v - 59, v + 2*v + 5*k - 147 = 0. Suppose -4*m + 124 = 2*p, 14*p - 17*p = 3*m - 201. Suppose p = y + v. List the prime factors of y.
2, 7
Let t = -28402 + 55823. What are the prime factors of t?
17, 1613
Let v(b) = 18*b**2 - 32*b**2 + 5*b + 15*b**2 - 4. Let z be v(-6). Suppose -7*t + 2*h + 83 = -z*t, -49 = -3*t + h. What are the prime factors of t?
3, 5
Suppose -136 = 8*j - 6*j. Let f = -71 - j. List the prime factors of 5340/(-45)*f/2.
2, 89
Suppose -7*l = -3*l - 332. Suppose -52 = -u - 104. Let s = l + u. List the prime factors of s.
31
Let j be (-143)/(3/(-6) + -3 + 4). Let v = j - -485. What are the prime factors of v?
199
Suppose -449*a - 2640171 = -27230227 - 14106111. What are the prime factors of a?
86183
Let k(f) = -21*f + 3. Let m be k(-4). Suppose -s - 104 = -4*b, 0 = 4*b - 5*s - m - 1. Let c = b - 12. What are the prime factors of c?
3, 5
Suppose -t + 19 - 283 = 2*d, 3*d - 765 = 3*t. Let n = t + 554. List the prime factors of n.
2, 37
Suppose -75145 = -17*m + 16094. What are the prime factors of m?
3, 1789
What are the prime factors of ((-2298)/4)/(((-513)/532)/9)?
2, 7, 383
Let x = -1211 - -692. Let l = x + 1216. What are the prime factors of l?
17, 41
Let c(p) = -243*p + 3. Let d be c(-6). Let g = 2078 - 2066. What are the prime factors of (-2)/g + 5/(90/d)?
3
Let j = 12 - 10. Let n be 22/10 - 4/20. Suppose -d + g + 199 = 0, j*d + 7*g - 377 = n*g. What are the prime factors of d?
2, 7
Let w(f) = 21*f + 113. Suppose -3*c = -4*k + 6*k - 19, 2*k - 12 = 4*c. List the prime factors of w(k).
281
Let s(g) = 7*g - 108. Let b be s(14). Let k(z) = -z**3 - 11*z**2 - 24*z - 1. List the prime factors of k(b).
139
Let l(r) = -r - 18. Let q(v) = -2*v - 35. Let z(i) = 11*l(i) - 6*q(i). Let o be z(-7). Let g(h) = -h**3 + 6*h**2 + 6*h + 6. What are the prime factors of g(o)?
61
Let n(j) = 2*j**2 + 13. Suppose -6 = -4*u + 66. Suppose 3*k - 6*k = -u. What are the prime factors of n(k)?
5, 17
Let b = 176 + 1785. What are the prime factors of b?
37, 53
Suppose 0 = j + 6, -87*j + 91*j = 5*w - 107294. List the prime factors of w.
2, 17, 631
Let s(h) = 2*h**3 - 10*h**2 - 25*h - 24. What are the prime factors of s(9)?
3, 7, 19
Let r = -1333 + 823. Let y = r + 783. Suppose -3*o = -4*i + y, -o = -1 - 4. What are the prime factors of i?
2, 3
Let u(g) = 4837*g**2 - 13*g - 3. List the prime factors of u(-1).
37, 131
Let h be (5/4)/((-1)/(-4)). Suppose 0 = 34*i - 70*i + 144. Suppose -h*q = -4*v - 414, 3*q + i*v = -q + 324. What are the prime factors of q?
2, 41
Let c = 913 - 423. What are the prime factors of c + (2 - 5) - 7?
2, 3, 5
Suppose -68*a = 186129 - 839201. List the prime factors of a.
2, 7
Suppose 15*w - 840 = 10*w. Suppose 0*c = 4*c - w. Suppose 0 = 50*b - 51*b + c. What are the prime factors of b?
2, 3, 7
Suppose 5*b - 1265 = 5*u - 36275, -5*u - 3*b + 34970 = 0. What are the prime factors of u?
6997
Suppose 5*m + h = -1362, 2*h = -3*h - 10. List the prime factors of -14 + m/(-20) + (-3292)/(-5).
2, 7, 47
Let p be ((-44)/6)/(14/21). Let f(n) = -n**3 - 10*n**2 + 13*n + 13. Let r be f(p). Let i = 31 - r. List the prime factors of i.
2, 5
Suppose 2*w - w = -10. Let l = w + 26. Let k = 72 - l. List the prime factors of k.
2, 7
Let y be (0/2 - 22)*4/(-8). Suppose -10*c = -y*c + 100. Suppose -3*b + 2*p + 31 = -313, b + 3*p = c. List the prime factors of b.
2, 7
Let z be (5 + -6)/(1/102). Let y be z/(-15) + (-2)/(-10). List the prime factors of (1 - 195/(-35))*y.
2, 23
Let l be (8/(-5))/(1*2/(-5)). Suppose l*m + 5*y - 2143 = -0*m, m = 5*y + 517. List the prime factors of m/70 + 1/((-10)/(-4)).
2
List the prime factors of -3 + 165/57 + (-734835)/(-95).
5, 7, 13, 17
Let c(b) be the third derivative of b**6/60 + b**5/60 + 5*b**4/12 + 3*b**3/2 - 4*b**2 - 24*b. List the prime factors of c(7).
2, 11, 37
Suppose -8*p + 670 + 450 = 0. Let t be (-3*5/30)/(2/p). Let c = 84 + t. List the prime factors of c.
7
Let t = 29 + -26. Suppose -t*d - d + 1012 = 0. Suppose 5*f - 5*n = 95 + 320, -n = 3*f - d. List the prime factors of f.
2, 3, 7
What are the prime factors of ((-255)/(-5))/(9/24*12/657)?
2, 3, 17, 73
List the prime factors of (-6)/(-48) - -690*46/32.
2, 31
Suppose 12*u - 83133 - 18315 = 0. List the prime factors of u.
2, 3, 1409
Let f(s) be the first derivative of 22*s**3/3 + s**2 + 5*s - 3. Let q = -60 + 62. List the prime factors of f(q).
97
Let m be ((0 - -1) + 4)*412020/(-175). Let w be -1 - -3 - m/12. Suppose 9*i - 655 - w = 0. What are the prime factors of i?
2, 7, 13
What are the prime factors of -6 - (5/((-10)/66986) + -6)?
33493
Let p = 24834 - 1165. What are the prime factors of p?
23669
Suppose 30*f = -3*n + 28*f + 11381, -4*n + 3*f = -15203. List the prime factors of n.
3797
Let j = 23 + -19. Suppose -j*z + 16 = 0, -2*q + z = -0*z - 214. List the prime factors of q.
109
Suppose 2*q - 23313 = 4*o - 5915, -8735 = -q - 4*o. List the prime factors of q.
31, 281
Suppose -4*o - 3*a + 7*a = -32, 2*o = 4*a + 22. What are the prime factors of 877 + (o + -4 + 0)*-3?
2, 19, 23
List the prime factors of 3/2*(5 + (-22764)/(-36)).
2, 239
Let t = -290 - -4202. Suppose -18*n - 600 + t = 0. List the prime factors of n.
2, 23
Let p = 32 - 6. Suppose p*n + 18 = 35*n. Suppose n*o = 257 + 243. List the prime factors of o.
2, 5
What are the prime factors of (((-368)/24)/2 + 7)*-1977?
2, 659
Let z = -320 - -338. Suppose z*g - 12*g - 10098 = 0. List the prime factors of g.
3, 11, 17
List the prime factors of 134*-3*6/12*143/(-3).
11, 13, 67
Suppose j + 7160 = 5*j. Suppose 11*d = 13*d - j. What are the prime factors of d?
5, 179
Let t = -105 + 177. Suppose -2*d = 26 - t. Suppose 0 = -s - d + 33. List the prime factors of s.
2, 5
Suppose -q - 5*c + 2*c + 41 = 0, 0 = -4*c + 4. Suppose 0 = -q*n + 36*n + 12. Suppose -5*r - 9 = 3*t, -6*r + 4*r - n = 0. List the prime factors of t.
2
Let s(q) = q**2 + 16*q + 2. Let l be s(-16). Suppose 0*h - 4*h + 36 = 5*d, 2*h + l = 0. Suppose -d*r + 1098 = -2*r. List the pri